47. What is the hundreds digit of y?
1
Suppose 29*r - 7751 = 112338. What is the tens digit of r?
4
Suppose 0 = n + 5*c + 7, 3*c + c = 5*n - 52. Let z = -3 + n. Suppose -z = j - 6*j, -4*u - j + 77 = 0. What is the tens digit of u?
1
Let n = -109 + 475. What is the units digit of n?
6
Let r = 584 + -304. Suppose -6*a + 2152 = r. What is the units digit of a?
2
Suppose z + 0*z = 15. Let u(y) = -y + 15. Let a be u(z). Suppose a = -5*b - 5*s + 75, -3*s + 95 = 5*b - 2*s. What is the tens digit of b?
2
Suppose -r = -3*r + 5*m + 7965, -r + 3978 = -m. What is the units digit of r?
5
Suppose 5*d - 304 = -4*i, 3*d - d - 5*i = 148. Suppose -4*m + d = -3*m - 3*g, -4*m = g - 191. What is the tens digit of m?
4
Let s(v) = v + 3. Let a be s(0). Suppose 0 = 2*n - a*n - 74. Let y = -40 - n. What is the tens digit of y?
3
Let v = 420 - -100. What is the hundreds digit of v?
5
Let i = 833 + -535. Suppose 5*s = 3*s - 3*l + 147, -4*s = 2*l - i. What is the units digit of s?
5
Let j = 54 + -53. What is the tens digit of 1/(2 - j) - (-119)/1?
2
Let k = 17 - -83. Suppose 2*w = n + 4*n + 20, k = 4*w + 5*n. What is the tens digit of w?
2
Suppose t = 5*t. What is the units digit of 6 + (-6 + t)/(-2)?
9
Let q = 10 - -440. What is the hundreds digit of q?
4
Suppose 0*n - 3*r = -2*n + 52, 3*n - 79 = 5*r. Suppose 6*b + n = 203. What is the tens digit of b?
3
Suppose 0 = 5*y - 2*f - 854, 5*y + 5*f - 428 - 412 = 0. Let g = -86 + y. What is the tens digit of g?
8
Suppose 0 = 83*x - 102*x + 4522. What is the hundreds digit of x?
2
Suppose 0 = -0*t - 8*t - 1080. Let j = 227 + t. What is the tens digit of j?
9
Let w = -51 + 4. What is the tens digit of w*((-8)/14 - 3/7)?
4
Let c(a) = 7*a**2 + 10*a - 35. What is the tens digit of c(6)?
7
Let t be (-11)/77 + 12/(-14). Suppose -5*x - b - 4*b + 75 = 0, 3*x = -4*b + 49. Let k = x - t. What is the units digit of k?
2
Let i = 6 - 2. Suppose 36 = t + 2*t. What is the units digit of 3 - (-1)/(i/t)?
6
Let y = 2220 + -1084. What is the thousands digit of y?
1
Let q(u) = 7*u**2 + 4*u + 25. What is the hundreds digit of q(-6)?
2
Let m be (7 - 6)*(-1 - -5). Suppose 0 = 2*h + a - 46, -m*h - a = -3*h - 21. What is the units digit of h?
5
Let y = -97 - -579. What is the tens digit of y?
8
Suppose 29 - 8 = 3*l. Let q be 244/(-28) + (-2)/l. Let t = q - -12. What is the units digit of t?
3
Let s(r) be the second derivative of -r**4/12 + 5*r**3/6 - r**2/2 - r. Let m be s(4). Suppose m*p - 2*p = 32. What is the units digit of p?
2
Suppose 10*g = 15*g - 3580. What is the hundreds digit of g?
7
Let u be ((-6)/9)/(14/(-231)). What is the units digit of (-10)/2 - (-836)/u?
1
Let g(t) = -t. Let y(c) = c**2 + 3*c - 9. Let o(x) = -3*g(x) + y(x). What is the tens digit of o(-9)?
1
Suppose 3*b = 4*v - b + 12, -47 = 5*v + 3*b. Let f(t) = t**2 + 5*t - 6. Let a be f(v). Let i(n) = n**2 - 7*n - 7. What is the units digit of i(a)?
1
Let g(d) = 11*d**2 + 14*d + 5. What is the hundreds digit of g(-8)?
5
Let w = -71 + 72. What is the units digit of (2/(-4 + 0))/(w/(-122))?
1
Suppose -1470 = 6*v - 19920. What is the tens digit of v?
7
What is the units digit of 2*(-4)/8*(-566 - 3)?
9
Suppose -7*p + 2*s = -3*p - 20, 3*p = -5*s + 2. Suppose -w = -5*j + p*j, -2*w - 4*j = -18. What is the units digit of w?
3
Suppose 4*p - 9*p = h - 171, 0 = -2*h - p + 378. What is the hundreds digit of h?
1
Let y(h) = -2*h**3 + 109*h**2 - 22*h + 77. What is the tens digit of y(54)?
0
Let y = -113 + 115. Suppose 55 = 5*g + y*i, -4*g - 3*i - 2*i + 27 = 0. What is the units digit of g?
3
Suppose 0 = 7*y - 4*y - 12. Suppose 3*x + y*t = -31, -5*x = -t - 0*t + 44. What is the tens digit of ((-330)/x)/((-4)/(-6))?
5
What is the units digit of 2 - 0 - (-15785)/55?
9
Let f be ((-46)/(-4))/(7/56). Let p = f + -28. Suppose -2*v + 6 = -p. What is the tens digit of v?
3
Let q(p) = 2 + 6 - 3 + 66*p + 2. What is the units digit of q(2)?
9
Let u(m) = 4*m**2 - 5*m - 8. Suppose -n - 12 = -2*n + 2*o, n + 4*o + 6 = 0. What is the hundreds digit of u(n)?
1
What is the tens digit of (36/(-6) - -8)*271?
4
Suppose 0 = 161*m - 172*m + 36102. What is the units digit of m?
2
Suppose -9661 = -6*g - 1933. What is the units digit of g?
8
What is the units digit of (-136566)/(-57) - (-86)/817?
6
Suppose 24 = 4*g - 2*s, 0 = -6*g + 3*g - 3*s + 36. Let x(h) = h**3 - 8*h**2 + 13*h - 28. What is the units digit of x(g)?
6
Suppose -4*a + 15*a - 4675 = 0. What is the units digit of a?
5
Let g(q) = 3*q - 6. Let i(n) be the first derivative of 2*n**3/3 + 5*n**2/2 - 3*n - 4. Let f be i(-4). What is the tens digit of g(f)?
2
Let f = 336 + 58. What is the hundreds digit of f?
3
Let o(g) = g**2 + 13. Let w be o(0). Suppose -8*z = -w*z + 990. What is the units digit of z?
8
Suppose 2*d - 17 = -5*k + d, -k = 3*d - 9. Suppose k*c = -c - 3*u, -4*u = -c. Let l(w) = -w + 14. What is the tens digit of l(c)?
1
Let o(d) = -d - 4. Let y be o(-4). Suppose y = -z + 3*v - 53, -v + 59 = -4*z + 3*z. Let t = z + 92. What is the tens digit of t?
3
Let x(h) = 3*h**2 + 4*h + 2. Let w be x(-2). Let c(z) = -z**3 + 7*z**2 - 2*z - 14. What is the tens digit of c(w)?
1
Let o = 2633 + -1376. What is the hundreds digit of o?
2
Let b = -32 + 39. Suppose -2*i + 2*y - b*y = -311, 4*y - 12 = 0. What is the tens digit of i?
4
Let r be 63/2*80/15. Suppose -5*t + r = 53. Let z = t - 9. What is the tens digit of z?
1
Let i = -16 + 20. Let f be (1 - -3)/i - 1. Suppose 2*a + 5*c - 72 = f, -2*a - 2*c + 42 + 24 = 0. What is the units digit of a?
1
Suppose -15647 + 580 = -13*f. What is the tens digit of f?
5
Suppose 0 = y + 5, -3*i + 45 = -3*y + 15. Suppose 3*g + i*z = -98, z = g - 3*z + 44. Let o = -22 - g. What is the units digit of o?
4
Suppose -3*d = -6*d + 15. Suppose 2*k - d*k = -318. What is the units digit of k?
6
Let m be (-6570)/(-27) + 4/(-3). Suppose 4*w + 34 = m. What is the tens digit of w?
5
Let i(f) = 35*f - 60. What is the hundreds digit of i(11)?
3
Let o(m) = -11*m + 2. Let h be o(-7). Let x = 137 - h. What is the tens digit of x?
5
Suppose -6*h = -5*h + 21. What is the tens digit of (0 - h)/(1/2)?
4
Let w = -11 + 31. Suppose -5*s - 2*y = -138, -4*y + w = y. What is the tens digit of s?
2
Let i(u) = 157*u**2 - 15*u + 45. What is the tens digit of i(4)?
9
Let c = 6 + -1. Suppose p + 3*g - 23 = 0, 0 = 4*p - 7*p + c*g + 27. What is the units digit of p?
4
Let i(t) = 62*t**2 - t - 1. Let k be i(1). Suppose 8*b - 3*b = -5*a + k, -2*b + 24 = -3*a. What is the tens digit of b?
1
Let l be (-2)/13 - 1140/195. What is the units digit of (-54)/(-4)*(-12)/l?
7
Let p be ((-24)/(-14))/((-12)/(-126)). Suppose k - 16 - p = 0. Let w = k - 26. What is the units digit of w?
8
Let k be 2/(-12) + (-1)/(-6)*1. Suppose 9*w + 28 - 127 = k. What is the tens digit of w?
1
Let g be (-1)/3*0/1. Suppose g = 2*k - 0*k - 264. What is the tens digit of k?
3
Let l(b) = -b**2 - 6*b + 2. Suppose 4*d = -5*h - 194, -2*h - 20 = -d + 68. Let w be (-2)/12 - (-203)/h. What is the units digit of l(w)?
7
Suppose -3*k - 2*k - 30 = 0. Let c be ((-9)/k)/((-3)/(-4)). Suppose c*d + 104 = 6*d. What is the tens digit of d?
2
Suppose -o + 4 = -2*r, 0*o + 3*o + 3*r + 15 = 0. What is the tens digit of o/(-10) + 13243/85?
5
What is the hundreds digit of (150/(-12))/(-5)*(326 + 0)?
8
Let n(u) = -64*u. Let g be n(-1). Let r be g - -5 - (-4 + 0). Let o = 127 - r. What is the units digit of o?
4
Suppose 4*d - 2739 + 239 = -4*u, 4*d = -5*u + 3127. What is the tens digit of u?
2
Let v(t) = t**2 + 3*t. Let l be v(-3). Suppose -4*w + w + 27 = l. What is the tens digit of -25*(w/(-15))/1?
1
Let a = -7 + 9. Suppose a*y - 5 = 1. Suppose 0*j + y*j = -3*c + 51, j = 2*c - 49. What is the tens digit of c?
2
Let b = -2915 - -1694. Suppose -2*o + 31 = -17. What is the units digit of 7/56 - b/o?
1
Let t(o) = -o - 18. Let i be t(-18). Suppose -d + 38 = -a - 56, i = -2*a - 8. What is the units digit of d?
0
Let o(c) = 3*c**3 + 14*c**2 - 7*c - 3. What is the units digit of o(5)?
7
Let n be 202 + (-8)/20*10/(-4). Let v = -135 + n. What is the units digit of v?
8
Let b = 251 - 150. Let s = b + 1. What is the units digit of s?
2
Suppose -42*t = -38*t + 3*c - 1830, t - 457 = -c. What is the hundreds digit of t?
4
Suppose 7205 = 12*o - 703. What is the tens digit of o?
5
Let p(g) = -g**3 + 4*g**2 + 6*g + 3. Let j(l) = 3*l**3 -